j**2 + 209*j - 10796. Determine g(108).
112
Let b(n) = -404*n - 245. Determine b(0).
-245
Let o(i) = -993*i - 71487. Calculate o(-72).
9
Let r(u) = 64*u**2 + 1353*u + 47. Calculate r(-21).
-142
Let a(c) = -5*c**3 - 147*c**2 + 377*c + 4007. Give a(-31).
8
Let j(y) = -2602*y - 9169. Give j(-4).
1239
Let x(z) = 911451*z - 3645805. Determine x(4).
-1
Let q(n) = 3*n**3 - 327*n**2 + 657*n - 1541. Give q(107).
64
Let o(y) = y**3 - 13*y**2 - 18*y + 199. What is o(4)?
-17
Let v(a) = 3*a**2 - 298*a - 8427. What is v(-23)?
14
Let x(q) = -167*q + 4167. Give x(26).
-175
Let g(s) = -5*s**3 - 381*s**2 - 67*s + 94. Give g(-76).
-590
Let k(w) = 2358*w**2 - 17*w + 31. Determine k(1).
2372
Let y(i) = 2*i**2 + 63*i - 160. Calculate y(-34).
10
Let y(v) = -7*v**2 + 1786*v + 1534. What is y(256)?
-2
Let x(y) = y**3 - 106*y**2 + 57*y + 15763. Determine x(104).
59
Let l(w) = -407*w + 26052. Determine l(64).
4
Let r(y) = -10*y**2 + 459*y - 908. Give r(2).
-30
Let h(z) = -23081*z + 23149. Give h(1).
68
Let s(q) = -1965*q**2 - 5864*q + 93. Calculate s(-3).
0
Let c(y) = 139645*y + 139858. What is c(-1)?
213
Let v(j) = -j**2 - 692*j - 118042. Calculate v(-305).
-7
Let r(c) = -839948*c + 839947. Give r(1).
-1
Let t(x) = -44776*x**2 - 10029824*x + 1. Give t(-224).
1
Let g(u) = 2473*u - 57542. Calculate g(23).
-663
Let v(r) = 110*r**2 + 185*r - 904. Determine v(5).
2771
Let d(v) = -2*v**2 + 6*v - 32. Give d(22).
-868
Let q(l) = -19*l**2 - 100*l + 864. Calculate q(11).
-2535
Let u(s) = -s**2 - 8500*s - 1088102. What is u(-130)?
-2
Let u(i) = -i**3 + 21*i**2 + 167*i - 3464. Give u(17).
531
Let f(i) = 2*i**3 + 31*i**2 + 302*i + 3663. Calculate f(-14).
23
Let z(s) = -42*s**3 - 13608*s**2 + 3*s + 981. Determine z(-324).
9
Let x(a) = 13*a**2 - 16196*a - 34949. Calculate x(1248).
-5
Let b(v) = -2*v**2 + 371*v - 3134. Give b(177).
-125
Let a(k) = -68866*k - 68865. Calculate a(-1).
1
Let i(q) = -4*q**3 - 20*q**2 + 298*q - 451. Determine i(5).
39
Let d(l) = -l**2 + 16774*l + 268576. Determine d(-16).
-64
Let o(q) = -1328*q + 17269. Calculate o(13).
5
Let a(i) = -i**2 - 3577*i - 905001. Give a(-274).
21
Let h(k) = 52*k**3 + 221*k**2 + 431*k + 10. Calculate h(-2).
-384
Let r(k) = -37*k**2 - 53*k - 347. Determine r(-7).
-1789
Let p(q) = 2850*q + 267892. What is p(-94)?
-8
Let s(z) = 2591*z + 54513. Calculate s(-21).
102
Let p(h) = 5*h**2 - 1224*h + 32044. What is p(215)?
9
Let j(y) = -2827*y - 2091976. What is j(-740)?
4
Let t(v) = -623*v + 5080. Determine t(8).
96
Let z(a) = 2*a**3 - 197*a**2 + 482*a - 549. What is z(96)?
-357
Let g(t) = -t**3 + 1508*t**2 - 8985*t - 160. Determine g(6).
2
Let m(r) = 3*r**3 + 22*r**2 - 13*r - 174. What is m(-6)?
48
Let m(v) = -v**3 - 36*v**2 + 90*v + 6301. Determine m(-33).
64
Let d(y) = y**3 + 13*y**2 - 8744*y - 78852. Calculate d(-9).
168
Let l(j) = 101*j + 2219. Determine l(-20).
199
Let n(d) = -2*d**2 - 193*d - 5741. Determine n(-70).
-2031
Let v(q) = -1653*q**2 - 3299*q + 23. What is v(-2)?
9
Let u(g) = -93*g**2 + 6032*g + 39530. Give u(-6).
-10
Let n(i) = 714*i + 3548. Determine n(-5).
-22
Let v(z) = -15510*z - 3257112. Give v(-210).
-12
Let j(t) = 2186*t - 28427. Determine j(13).
-9
Let n(j) = -3*j**3 - 17*j**2 + 263*j + 2597. Determine n(-11).
1640
Let z(v) = -2*v**3 + 989*v**2 - 22643*v + 1410. Give z(24).
-6
Let v(l) = 4887*l - 185697. Give v(38).
9
Let x(r) = -3*r**3 - 27*r**2 + 2*r - 18. Give x(-8).
-226
Let z(s) = -4*s**2 + 312*s + 794. What is z(81)?
-178
Let o(g) = g**3 - 653*g**2 + 11435*g - 2679. Give o(635).
496
Let j(i) = 1316*i - 63148. Calculate j(48).
20
Let x(j) = -17692*j - 972700. Calculate x(-55).
360
Let x(q) = q**3 + 53*q**2 - 3*q - 2851. What is x(-52)?
9
Let l(u) = -29*u**2 + 5371*u - 448. What is l(185)?
662
Let t(v) = 12007*v + 396222. What is t(-33)?
-9
Let d(g) = 54*g**3 - 816*g**2 + 83*g + 85. Determine d(15).
-20
Let k(d) = -270008*d + 2970091. What is k(11)?
3
Let k(b) = b**3 - 394*b**2 - 47048*b + 3851. What is k(490)?
-69
Let v(n) = -56285*n - 506549. Give v(-9).
16
Let d(b) = 27*b**3 - 452*b**2 - 54*b - 693. Determine d(17).
412
Let j(y) = 2*y**3 - 377*y**2 + 942*y - 2245. Give j(186).
-13
Let x(o) = -25*o**2 - 7*o + 8. Give x(-3).
-196
Let n(s) = 17462*s - 34998. What is n(2)?
-74
Let h(l) = 450*l - 16596. What is h(37)?
54
Let x(t) = 3*t**3 + 81*t**2 + 151*t - 15. Calculate x(-2).
-17
Let l(m) = -82*m**3 - 4831*m**2 + 408*m - 297. Give l(-59).
-2
Let s(r) = -4*r**3 + 199*r**2 + 69*r - 510. What is s(50)?
440
Let j(f) = -f**3 + 25*f**2 - 780*f + 16852. Determine j(23).
-30
Let b(a) = 327*a - 17508. What is b(53)?
-177
Let f(w) = w**2 + 1367*w + 446580. Calculate f(-827).
0
Let m(i) = -i**3 - 32*i**2 - 5*i + 286. Determine m(-3).
40
Let j(q) = -q**3 + 13*q**2 - 643*q + 8984. What is j(14)?
-214
Let s(x) = x**3 + 21*x**2 + 117*x + 76. Give s(-7).
-57
Let u(y) = -2*y**2 + 107*y - 1504. Give u(18).
-226
Let k(g) = -1539*g - 41822. Calculate k(-27).
-269
Let l(z) = 50567*z + 2427219. Give l(-48).
3
Let v(p) = -p**2 - 234*p - 5009. What is v(-26)?
399
Let g(t) = 30550*t + 91673. What is g(-3)?
23
Let h(k) = 53*k**2 + 187*k - 760. Calculate h(4).
836
Let d(r) = 118*r**3 - 3*r**2 - 24*r - 12. What is d(-3)?
-3153
Let v(t) = -9*t**2 - 808*t + 85125. Calculate v(-152).
5
Let i(u) = 8937*u + 98333. Give i(-11).
26
Let h(s) = s**2 + 1107*s - 10929. What is h(10)?
241
Let t(q) = -14775*q - 44329. Determine t(-3).
-4
Let z(c) = c**3 + 1141*c**2 + 13574*c + 307. Give z(-12).
-5
Let o(w) = -63*w**2 + 2517*w + 5334. What is o(42)?
-84
Let t(v) = -89*v - 29984. What is t(-337)?
9
Let g(i) = 475017*i + 1900062. Calculate g(-4).
-6
Let h(u) = -4*u**3 - 34*u**2 - 110*u - 787. What is h(-8)?
-35
Let s(l) = -l**3 - 22*l**2 - 8*l - 1379. What is s(-24)?
-35
Let a(f) = -7*f**2 - 1034*f + 2474. Give a(-151).
-999
Let u(y) = y**3 + 7*y**2 + 218*y + 2503. What is u(-10)?
23
Let j(x) = -x**3 + 85*x**2 - 978*x - 1144. Give j(71).
-8
Let u(z) = -101*z**3 + z**2 + 98*z + 98. Determine u(-1).
102
Let s(t) = -30*t**2 - 6111*t - 67395. What is s(-192)?
-3
Let t(y) = y**2 - 250*y - 206243. What is t(-346)?
-27
Let v(c) = 11616*c + 58116. Calculate v(-5).
36
Let j(z) = 13*z**3 + 549*z**2 + 639*z - 689. Give j(-41).
8
Let z(m) = m**3 + 70*m**2 + 1195*m + 59. Determine z(-42).
-739
Let z(i) = -i**2 + 35*i + 311. Calculate z(-7).
17
Let j(z) = -15*z**2 - 92*z + 1148. Calculate j(8).
-548
Let m(w) = -4*w**2 + 70*w - 310. Determine m(11).
-24
Let k(y) = y**3 - 508*y**2 - 65786*y - 11678. Give k(615).
7
Let f(t) = 1618*t**2 - 24*t + 24. Determine f(1).
1618
Let i(w) = -857*w**2 + 6008*w - 5. Determine i(7).
58
Let z(r) = -3*r**3 + 57*r**2 + 2636*r - 44478. What is z(16)?
2
Let w(n) = 118*n**2 - 28688*n + 3490. Give w(243).
88
Let t(s) = -6646*s + 1428. Determine t(0).
1428
Let h(g) = 13*g**2 + 493*g - 760. Determine h(-41).
880
Let g(q) = -1719*q - 469447. Determine g(-273).
-160
Let d(y) = -44769*y + 402933. What is d(9)?
12
Let i(c) = -301*c**2 + 2096*c + 26. What is i(7)?
-51
Let x(z) = 404*z**3 - 39*z**2 + 40*z - 3. Calculate x(1).
402
Let c(j) = -9998*j**2 + 69894*j + 14. Determine c(7).
-630
Let t(p) = p**3 - 15*p**2 - 141*p + 823. Determine t(20).
3
Let w(f) = -716*f - 44845. Determine w(-63).
263
Let w(b) = 2*b**2 - 1002*b + 125490. Determine w(254).
14
Let k(h) = -4*h**3 + 41*h**2 + 45*h - 76. What is k(10)?
474
Let i(x) = 2674*x + 502718. What is i(-188)?
6
Let a(l) = 8*l**2 + 6057*l + 499232. What is a(-663)?
-7
Let f(v) = 2*v**3 + 51*v**2 - 874*v - 852. What is f(-37)?
-1
Let m(v) = 2*v**3 + 3*v**2 - 447*v + 63. Give m(-16).
-209
Let v(f) = -27482*f + 14895226. Calculate v(542).
-18
Let y(v) = 11*v**2 + 4367*v + 21522. Calculate y(-5).
-38
Let v(x) = 53*x + 2213. Calculate v(-52).
-543
Let w(u) = -1064*u + 184068. Calculate w(173).
-4
Let x(g) = -g**3 - 47*g**2 + 37*g - 829. What is x(-48)?
-301
Let o(k) = 3*k**2 + 333458*k + 8001264. Give o(-24).
0
Let m(j) = -54*j**2 + 1366*j - 1031. Give m(25).
-631
Let n(g) = -204*g**2 - 977*g + 972. What is n(1)?
-209
Let t(p) = -p**3 - 238*p**2 + 468*p - 3176. Give t(-240).
-296
Let y(a) = 7*a**2 + 39*a - 46. Determine y(-6).
-28
Let s(b) = 13*b**2 + 14920*b + 89488. Give s(-6).
436
Let w(o) = -3171*o + 323444. What is w(102)?
2
Let c(b) = 2*b**2 - 733*b + 65214. Give c(152).
6
Let i(w) = -w**2 + 357*